e number?
False
Is 92987 a composite number?
False
Is 170627 a composite number?
False
Is 38371 prime?
True
Is 418193 prime?
False
Is 63185 a composite number?
True
Is 19567 composite?
True
Is 5245 composite?
True
Is 51929 composite?
False
Is 2722 a prime number?
False
Is 124049 a composite number?
True
Is 54869 composite?
False
Is 26083 a prime number?
True
Is 15907 a prime number?
True
Is 1163 prime?
True
Is 11017 a prime number?
False
Is 25022 prime?
False
Is 19187 composite?
True
Is 497 a prime number?
False
Is 30353 a composite number?
True
Is 102343 composite?
True
Is 6179 prime?
False
Is 25007 prime?
False
Is 40862 a prime number?
False
Is 46003 a prime number?
False
Is 283918 a composite number?
True
Is 61394 a composite number?
True
Is 24065 prime?
False
Is 23101 a composite number?
True
Is 133261 composite?
False
Is 20479 a prime number?
True
Is 1801 composite?
False
Is 125857 a prime number?
False
Is 22889 a prime number?
False
Is 1441 composite?
True
Is 78063 prime?
False
Is 346699 a composite number?
False
Is 608173 a prime number?
False
Is 94679 a composite number?
True
Is 5297 a composite number?
False
Is 43391 composite?
False
Is 124739 composite?
False
Is 1067 a prime number?
False
Is 55579 prime?
True
Is 157083 composite?
True
Is 11027 a prime number?
True
Is 27787 a prime number?
False
Is 57185 prime?
False
Is 974 a composite number?
True
Is 16501 a composite number?
True
Is 15349 prime?
True
Is 28979 a composite number?
False
Is 47251 a prime number?
True
Is 60443 a prime number?
True
Is 13945 a composite number?
True
Is 31189 composite?
False
Is 24061 a composite number?
False
Is 1184999 a prime number?
False
Is 35753 prime?
True
Is 217823 composite?
False
Is 898 a composite number?
True
Is 360947 composite?
False
Is 9487 a prime number?
False
Is 4751 composite?
False
Is 4417 a composite number?
True
Is 102826 prime?
False
Is 1727 prime?
False
Is 629959 composite?
True
Is 2073061 a prime number?
True
Is 16787 composite?
False
Is 472411 a composite number?
False
Is 193859 a prime number?
True
Is 38149 a prime number?
True
Is 1223159 a prime number?
False
Is 2323 composite?
True
Is 1177513 a prime number?
True
Is 16327 composite?
True
Is 1641017 a composite number?
True
Is 17369 a composite number?
True
Is 15503 a prime number?
False
Is 304295 a composite number?
True
Is 7403 a composite number?
True
Is 28349 composite?
False
Is 198451 a composite number?
True
Is 55849 prime?
True
Is 564701 a prime number?
True
Is 2168737 a prime number?
True
Is 69371 a composite number?
False
Is 3513 composite?
True
Is 57983 prime?
False
Is 84913 prime?
True
Is 88411 a prime number?
True
Is 18089 composite?
False
Is 2453307 a prime number?
False
Is 258061 a composite number?
False
Is 409961 a prime number?
True
Is 4567 prime?
True
Is 29846 a composite number?
True
Is 339119 a composite number?
True
Is 719539 composite?
True
Is 92501 a prime number?
False
Is 80273 composite?
False
Is 2761 prime?
False
Is 145291 prime?
False
Is 11153 a prime number?
False
Is 940469 prime?
True
Is 4717 a composite number?
True
Is 109081 composite?
True
Is 13027 a composite number?
True
Is 254741 a prime number?
True
Is 6029 prime?
True
Is 7591 prime?
True
Is 623 a prime number?
False
Is 18014 prime?
False
Is 313031 a composite number?
False
Is 52807 a composite number?
False
Is 10261 prime?
False
Is 500722 a composite number?
True
Is 45623 a prime number?
False
Is 4391 a prime number?
True
Is 119713 prime?
False
Is 5219 prime?
False
Is 2287 composite?
False
Is 477899 a composite number?
False
Is 7817 composite?
False
Is 40459 a composite number?
False
Is 1299187 a composite number?
False
Is 24943 composite?
False
Is 383153 a composite number?
False
Is 290489 a composite number?
False
Is 9029 composite?
False
Is 749093 composite?
False
Is 3081073 a prime number?
True
Is 56393 prime?
True
Is 420457 a composite number?
False
Is 34583 a composite number?
False
Is 629243 a prime number?
True
Is 629 a prime number?
False
Is 8887 composite?
False
Is 655439 composite?
False
Is 272131 a prime number?
True
Is 1550567 prime?
True
Is 361541 composite?
False
Is 2241721 a composite number?
False
Is 561401 a prime number?
False
Is 7235 a composite number?
True
Is 295 prime?
False
Is 136093 a composite number?
False
Is 60209 prime?
True
Is 5297 prime?
True
Is 101243 prime?
False
Is 18169 prime?
True
Is 2722 prime?
False
Is 612553 composite?
False
Is 52963 a composite number?
False
Is 45161 a prime number?
True
Is 21427 composite?
True
Is 1210711 a composite number?
False
Is 1357969 a composite number?
False
Is 204119 prime?
False
Is 16487 a composite number?
False
Is 7039 prime?
True
Is 43481 a composite number?
False
Is 487741 composite?
False
Is 29593 prime?
False
Is 1055311 composite?
True
Is 16127 composite?
False
Is 225118 a prime number?
False
Is 9619 composite?
False
Is 163927 a prime number?
True
Is 419 a composite number?
False
Is 99743 composite?
True
Is 143567 prime?
True
Is 791773 a prime number?
True
Is 1275441 a prime number?
False
Is 11722 a composite number?
True
Is 4559 a composite number?
True
Is 48221 composite?
False
Is 51055 a prime number?
False
Is 90353 a composite number?
False
Is 47473 composite?
True
Is 42857 composite?
True
Is 270473 prime?
False
Is 437383 a composite number?
True
Is 129671 a composite number?
False
Is 214349 composite?
True
Is 793543 composite?
True
Is 851537 a composite number?
False
Is 33079 composite?
True
Is 795529 a composite number?
True
Is 1868803 composite?
True
Is 118211 a composite number?
False
Is 3299 a composite number?
False
Is 15107 composite?
False
Is 38071 a composite number?
True
Is 3798469 a prime number?
True
Is 110443 a composite number?
True
Is 449017 a prime number?
False
Is 1937 composite?
True
Is 29327 prime?
True
Is 381 a composite number?
True
Is 7871 a composite number?
True
Is 2316007 composite?
True
Is 1583187 prime?
False
Is 2707 a prime number?
True
Is 331691 a prime number?
True
Is 91591 a prime number?
True
Is 75427 a prime number?
False
Is 43915 composite?
True
Is 9059 prime?
True
Is 1626923 composite?
False
Is 2195 prime?
False
Is 27361 a composite number?
False
Is 107546 a composite number?
True
Is 300737 a composite number?
True
Is 47693 a prime number?
False
Is 18041 composite?
False
Is 3402593 a prime number?
True
Is 119549 a prime number?
True
Is 1477207 a prime number?
True
Is 102369 composite?
True
Is 7187 a composite number?
False
Is 147011 a prime number?
True
Is 169561 prime?
False
Is 564411 composite?
True
Is 98278 prime?
False
Is 140977 a prime number?
True
Is 55466 prime?
False
Is 247309 prime?
True
Is 3359 composite?
False
Is 5163 prime?
False
Is 772253 prime?
False
Is 1642363 composite?
False
Is 9467 composite?
False
Is 447089 a prime number?
False
Is 30467 a composite number?
False
Is 131 a prime number?
True
Is 39551 a composite number?
False
Is 311 composite?
False
Is 177839 prime?
True
Is 195142 prime?
False
Is 22147 composite?
False
Is 590263 prime?
True
Is 561079 a composite number?
False
Is 8413 composite?
True
Is 3569 a prime number?
False
Is 301123 composite?
False
Is 38 a composite number?
True
Is 15811 a prime number?
False
Is 101483 a prime number?
True
Is 1073 composite?
True
Is 137227 prime?
False
Is 19619 a prime number?
False
Is 292777 a prime number?
True
Is 7993 a composite number?
False
Is 13523 composite?
False
Is 68329 prime?
True
Is 54083 prime?
True
Is 4052911 prime?
True
Is 16369 composite?
False
Is 35671 a composite number?
False
Is 13069 prime?
False
Is 362051 prime?
True
Is 6557 a composite number?
True
Is 185221 prime?
True
Is 9059 a prime number?
True
Is 38987 a prime number?
False
Is 1010717 prime?
True
Is 1471 composite?
False
Is 6767 a composite number?
True
Is 39761 prime?
True
Is 720305 composite?
True
Is 1841 prime?
False
Is 160559 a composite number?
True
Is 37079 composite?
True
Is 16503 prime?
False
Is 15177 prime?
False
Is 194 a composite number?
True
Is 121003 a prime number?
False
Is 1081 a prime number?
False
Is 145931 a composite number?
False
Is 28807 a composite number?
False
Is 20885 a prime number?
False
Is 3035 composite?
True
Is 23741 composite?
False
Is 6863 composite?
False
Is 14699 a composite number?
False
Is 326369 composit